 = 4*r. List the prime factors of (u - 3)*(-1 + 0).
2, 29
Let z(x) = -3*x - 73. Let b be z(-21). List the prime factors of 507 - (b/(-5) + -3)*-1.
2, 11, 23
Suppose 0 = -8*v - 4*m + 33752 + 6000, 4*v - 19900 = 2*m. What are the prime factors of v?
2, 11, 113
Suppose 517 = 13*m - 96736. List the prime factors of m.
7481
What are the prime factors of 8*(-496215)/(-240)*2?
3, 11027
Suppose -3*l + 9 - 3 = 0. Suppose t = -2 + 4, -l*x = -5*t - 12. Suppose 0 = -5*k + 351 - x. List the prime factors of k.
2, 17
Let d(k) be the third derivative of -77*k**4/24 + 2*k**3 - 3*k**2 - 7. List the prime factors of d(-3).
3
Let v = 40 + -44. Suppose -10*q - 262 = 198. List the prime factors of 1*(v - -1 - q).
43
Suppose -9*q + 164 = -7*q. Let c be 4/((-80)/q + 1). Suppose -5*y + g = -281, 4*g - c = -2*y - y. List the prime factors of y.
2, 7
Let n = -31548 + 59154. What are the prime factors of n?
2, 3, 43, 107
Suppose 3*j = -3*j + 7*j. Suppose j = -q + 3*q - 272. List the prime factors of q.
2, 17
Let u = -51129 - -76367. List the prime factors of u.
2, 12619
Suppose 0 = -3*d - 4*j + 22847, -2*j - 2 = 6. What are the prime factors of d?
7621
Let u = -90 + 96. Suppose -4*b - 4 = -4*r, -3*b + u = r - 3. Let y(g) = 23*g**3 - 7*g + 16. List the prime factors of y(b).
2, 3, 31
Let u be 81/(-6)*8/3. Let c be u/(-84) + 22/14. Let d(g) = 14*g - 5. List the prime factors of d(c).
23
Suppose 29*q = 19*q + 8*q + 69672. List the prime factors of q.
2, 3, 2903
Suppose 116*y - 111*y = 95. Let o(w) = 23*w + 139. List the prime factors of o(y).
2, 3
Suppose 0 = -54*z + 172434 + 188124. List the prime factors of z.
11, 607
Let v(r) = -2*r**2 + 29*r - 4. Let c be v(14). Suppose 2*t + 5*k = 74, 9*t = c*t + 4*k - 43. List the prime factors of t.
3
Let j(m) = -3*m**2 - m**3 - 27*m + 54 + 25*m**2 + 4*m**2. Let p be j(25). What are the prime factors of (p*1)/((-9)/(-135))?
2, 3, 5
What are the prime factors of (-15)/18 + (-29321)/(-6) + -1?
5, 977
Suppose -6 = -w, 3*m + 44991 = 4*m - 2*w. List the prime factors of m.
3, 7, 2143
List the prime factors of 780/36*44814/35.
2, 11, 13, 97
Suppose -15*c = 10*c - 100. Suppose 3*p = 46*x - 44*x - 611, -c*x = p - 1187. List the prime factors of x.
2, 149
Suppose -59 = -2*t - 19. Let f(q) = -9*q - 441. Let w be f(-51). Suppose -t*o + w*o + 212 = 0. What are the prime factors of o?
2, 53
Suppose -13*k = -16*k + 213. Suppose -5*v = -k - 9. Let s = -5 + v. List the prime factors of s.
11
Let r = -2307 - -69191. What are the prime factors of r?
2, 23, 727
Let p be 41/(-3) + (-8)/(-12). Let w = p + -3. What are the prime factors of 1 + (13 - w/4)?
2, 3
Suppose -5*v - 6720 = -5*g - 0*v, 0 = -3*g + v + 4034. Suppose -3 = -a, -a = -3*k + 4*k - g. List the prime factors of k.
2, 11, 61
Let a(b) = b**2 + 4. Let q be a(0). Suppose -k - m = -6*m + 94, -m - 292 = q*k. What are the prime factors of 7/(-21) + k/(-6)?
2, 3
Suppose -4*d = 2*j - 8288, 5*j = 2*d - 1610 - 2534. Suppose 2*n = 3*w - 0*w + 2077, 0 = 2*n - 4*w - d. List the prime factors of n.
2, 523
Suppose -4*x - 4*m + 5*m + 1967 = 0, 2*x + 5*m = 1011. Suppose 2*y - 2*t + 144 = -544, -5*t = -3*y - 1036. Let d = y + x. What are the prime factors of d?
151
Let f(y) = y**3 - 16*y**2 - y + 20. Let n be f(16). Suppose -2*s = -5*u - 4*s + 13, -u - n*s = 1. Suppose 8*b - u*b = 400. What are the prime factors of b?
2, 5
Let u = -4914 - -6906. List the prime factors of u.
2, 3, 83
Let j = 3311 - -5015. What are the prime factors of j?
2, 23, 181
What are the prime factors of (-9*(-8538)/(-21))/(225/(-105) - -2)?
2, 3, 1423
Let n be 11 + (9 + -11)/((-4)/(-6)). What are the prime factors of 435 + ((-2)/(-8) - (-6)/n)?
2, 109
Let j = 43519 - -18113. List the prime factors of j.
2, 3, 107
Suppose -26*g = -9226 - 41630. Let r = g - 1172. What are the prime factors of r?
2, 7
Let w be ((-572)/12 - 0)/(1/(-27)). Suppose z = 4*z - w. Suppose 0 = -4*k - 45 + z. List the prime factors of k.
2, 3
What are the prime factors of ((90 + -20)/(-10))/((-3 - -2)/4123)?
7, 19, 31
Suppose -2*r + 20 = 3*r + 2*a, 0 = 4*r + 2*a - 18. Suppose r*x - 57 = -13. Suppose 0 = -27*g + x*g + 10. What are the prime factors of g?
2
Let q(p) = 3*p**3 - 89*p**2 - 718*p - 52. What are the prime factors of q(40)?
2, 41, 127
Suppose -25*v + 98905 = -47596 - 108099. List the prime factors of v.
2, 19, 67
What are the prime factors of 248026/323 - (-16)/136?
2, 3
Let x(i) = -i**3 + 14*i**2 - 49*i + 17. Let y be x(7). Suppose -1538 = y*o - 11959. List the prime factors of o.
613
Let f be (-3 + 15/6)*-152*2. Suppose 2*s + 4*v = 156, -5*v = 19*s - 17*s - f. List the prime factors of s.
2, 43
Let f(l) = 9*l + 4. Let q be f(-6). Suppose -10*p - 443 = 207. Let y = q - p. List the prime factors of y.
3, 5
Let g(k) = 2*k**3 + 65*k**2 - 115*k + 83. What are the prime factors of g(-28)?
3, 1151
Suppose 4*b + 18*d = 15*d - 1602, -4*b + d - 1594 = 0. Let x = b + 1301. List the prime factors of x.
2, 11, 41
Suppose 5*r - p - 40 = -10, -4*r - 5*p = -53. Suppose r*b - 4188 = -5*b. What are the prime factors of b?
349
Let u(i) = i**3 + 13*i**2 - 16*i + 73. What are the prime factors of u(-14)?
101
Let m be 49/14 + -2 - (-2)/(-4). Let i(t) = 469*t**2 + 2*t - 2. List the prime factors of i(m).
7, 67
Suppose -8*s = -95 + 215. What are the prime factors of (-65448)/(-45) + (-9)/s - 6?
3, 7, 23
Let p be (-2)/((-24)/15 - -2). Let s(i) = -3*i + 7. Let z(a) = 28*a - 70. Let v(y) = 21*s(y) + 2*z(y). What are the prime factors of v(p)?
2, 3, 7
Suppose -236 - 214 = 3*g. Let q be g/8 + (-3)/12. Let h = 134 + q. What are the prime factors of h?
5, 23
Let j be 2/(-4)*2 + -2. Suppose -5*m + 4*d + 8842 = 0, 0*d = -5*m + d + 8848. List the prime factors of m/20 - j/(-2).
3, 29
Let s(o) = -o**3 + 18*o**2 + o + 60. List the prime factors of s(15).
2, 3, 5
Suppose -5*b - 5*i + 178770 = 0, 5*i = -3*b + 99746 + 7518. What are the prime factors of b?
35753
Let s(r) = 25*r**3 - 8*r**2 + 6*r + 7. Let d be s(5). Suppose 2*u + u + d = 5*b, 2*u = b - 598. Suppose -43*n = -48*n + b. List the prime factors of n.
2, 59
Let v be -7 + (7 - 2) - -2. Let m(x) = 3*x**2 - 2*x + 1. Let d be m(1). Suppose v = -d*o + 106 + 324. List the prime factors of o.
5, 43
Suppose 15*y - 17960 = 7*y. Let q = y + -1301. List the prime factors of q.
2, 59
Let y(s) = -s**2 - 9*s + 4. Let i be y(-9). Let k = 80 - -40. Suppose g - c = -3*c + 33, 0 = i*g - 4*c - k. List the prime factors of g.
31
Let m(g) = -g**3 - 7*g**2 + 9*g + 3. Let b be m(-7). Let r be (-5)/(b/9)*4. List the prime factors of ((-2)/r)/((-10)/135).
3
Suppose 399*j = 325*j + 1253264. List the prime factors of j.
2, 29, 73
Let w be (1*(-66)/2)/(-1). Let m = -1572 + 1611. Suppose o = 4*o - 3*v - w, -4*o - v = -m. What are the prime factors of o?
2, 5
Let u(g) be the first derivative of 2*g**3/3 + 23*g**2 - 21*g + 135. List the prime factors of u(-28).
7, 37
Let w(n) = -n**3 + n**2 + n + 1. Let a(k) = 2*k**3 + 2*k**2 + 8*k + 7. Let x(s) = a(s) + w(s). Let t be x(-3). Let g = t + 177. List the prime factors of g.
2, 79
Suppose -14*p - 8 = -10*p, -3*g + 24730 = 4*p. What are the prime factors of g?
2, 7, 19, 31
Let s(y) = 10*y - 8. Let w be s(6). Let g(z) = z - 8. Let b be g(-2). What are the prime factors of ((-5)/(5/w))/(5/b)?
2, 13
Let o(w) = 13*w**2 - 38*w + 190. What are the prime factors of o(28)?
2, 3, 1553
List the prime factors of 109440/280*(14/(-12))/(-7)*112.
2, 3, 19
Let l = 5124 - 3528. Suppose -z - l = -1830. What are the prime factors of z?
2, 3, 13
Let x(t) = 19*t**3 + 18*t**2 + 2*t - 86. What are the prime factors of x(7)?
17, 431
Let z(j) = -15*j**3 + 23*j**2 - 3*j + 19. What are the prime factors of z(-11)?
2, 3, 5, 19
Suppose -5*b + 2*k - 52 = 0, -b - 4*b - 2*k = 68. Suppose 0 = 6*x + 2 + 16. List the prime factors of -17*(-3*(-16)/b - x).
17
Let f(w) = 5*w**2 - 8*w - 8. Suppose 9*b - 5*b = 8. Suppose -b*l = -5*m - 7 - 6, 0 = -3*l - 3*m + 9. What are the prime factors of f(l)?
2, 5
Let a = -43 - -41. Let s be 3 + (-6 - -9) + 51. List the prime factors of (0 + a/(-1))/(1/s).
2, 3, 19
Let q be (-2375)/(-7) - 12/42. Suppose -5*u + q = -1186. Suppose -20*t = -15*t - u. List the prime factors of t.
61
Let s(z) = 4*z**2 - 14*z + 8. Let d be (28 - -1)/(-1 + -3 + 3). Let h = 36 + d. What are the prime factors of s(h)?
2, 53
Suppose 3*z